{"id":19,"date":"2021-01-25T16:15:36","date_gmt":"2021-01-25T16:15:36","guid":{"rendered":"https:\/\/uptree.pt\/?page_id=19"},"modified":"2021-01-25T18:44:11","modified_gmt":"2021-01-25T18:44:11","slug":"tipologias","status":"publish","type":"page","link":"https:\/\/uptree.pt\/index.php\/tipologias\/","title":{"rendered":"Tipologias"},"content":{"rendered":"\n<p class=\"has-black-color has-cyan-bluish-gray-background-color has-text-color has-background\">O Edif\u00edcio recentemente remodelado conta com dois pisos, onde existe a preocupa\u00e7\u00e3o de cumprir todas as regras de seguran\u00e7a\/emerg\u00eancia. A vista sobre a ria de Aveiro \u00e9 maravilhosa.<\/p>\n\n\n\n<p><strong>Piso 0<\/strong><br><br>Existem seis quartos com cama de Casal, onde dois deles as camas podem ser separadas. <\/p>\n\n\n\n<div class=\"wp-block-image is-style-rounded\"><figure class=\"alignright size-thumbnail\"><img loading=\"lazy\" width=\"150\" height=\"150\" src=\"https:\/\/uptree.pt\/wp-content\/uploads\/2021\/01\/IMG_4107-150x150.jpg\" alt=\"\" class=\"wp-image-39\" srcset=\"https:\/\/uptree.pt\/wp-content\/uploads\/2021\/01\/IMG_4107-150x150.jpg 150w, https:\/\/uptree.pt\/wp-content\/uploads\/2021\/01\/IMG_4107-100x100.jpg 100w\" sizes=\"(max-width: 150px) 100vw, 150px\" \/><\/figure><\/div>\n\n\n\n<p>Dois desses quartos t\u00eam uma vista que n\u00e3o tem pre\u00e7o, para a maravilhosa para a Ria de Aveiro.<\/p>\n\n\n\n<p>Nesse mesmo piso, existem dois quartos  mais econ\u00f3micos. Um deles permite 1 pessoa dormir apenas e o outro \u00e9 composto por um beliche que permitem dormir 2 pessoas.<\/p>\n\n\n\n<p>S\u00e3o um total de 4 casas de banho partilhadas, sendo que no paradigma atual apenas temos 60% da lota\u00e7\u00e3o para sua seguran\u00e7a.<\/p>\n\n\n\n<p>Existem duas cozinhas totalmente equipadas com placa de indu\u00e7\u00e3o, frigor\u00edfico com congelador, placa vitrocer\u00e2mica, m\u00e1quina de lavar loi\u00e7a, m\u00e1quina de lavar roupa, microondas, etc. (Apenas pode ser utilizada com pr\u00e9via requisi\u00e7\u00e3o, autorizada pela administra\u00e7\u00e3o do hostel.)<\/p>\n\n\n\n<p><\/p>\n\n\n\n<p><strong>Piso 1<\/strong><\/p>\n\n\n\n<div class=\"wp-block-image is-style-rounded\"><figure class=\"alignleft size-thumbnail\"><img loading=\"lazy\" width=\"150\" height=\"150\" src=\"https:\/\/uptree.pt\/wp-content\/uploads\/2021\/01\/fb135c11-d127-4b38-ad05-6d22cf24ae57-150x150.jpg\" alt=\"\" class=\"wp-image-49\" srcset=\"https:\/\/uptree.pt\/wp-content\/uploads\/2021\/01\/fb135c11-d127-4b38-ad05-6d22cf24ae57-150x150.jpg 150w, https:\/\/uptree.pt\/wp-content\/uploads\/2021\/01\/fb135c11-d127-4b38-ad05-6d22cf24ae57-100x100.jpg 100w\" sizes=\"(max-width: 150px) 100vw, 150px\" \/><\/figure><\/div>\n\n\n\n<p>Existe duas escadas com um aspecto tridimensional, onde permite a subida para um piso com maior privacidade. Conta com dois quartos bem afastados, com suite privativa, roupeiros, cada um com uma cama de casal e uma cama de solteiro, suportando assim cada quarto, tr\u00eas pessoas.<\/p>\n","protected":false},"excerpt":{"rendered":"<p>O Edif\u00edcio recentemente remodelado conta com dois pisos, onde existe a preocupa\u00e7\u00e3o de cumprir todas as regras de seguran\u00e7a\/emerg\u00eancia. A vista sobre a ria de Aveiro \u00e9 maravilhosa. Piso 0 Existem seis quartos com cama de Casal, onde dois deles as camas podem ser separadas. Dois desses quartos t\u00eam uma vista que n\u00e3o tem pre\u00e7o, &hellip; <\/p>\n<p class=\"link-more\"><a href=\"https:\/\/uptree.pt\/index.php\/tipologias\/\" class=\"more-link\">Continuar a ler <span class=\"screen-reader-text\">&#8220;Tipologias&#8221;<\/span><\/a><\/p>\n","protected":false},"author":1,"featured_media":0,"parent":0,"menu_order":0,"comment_status":"closed","ping_status":"closed","template":"","meta":[],"_links":{"self":[{"href":"https:\/\/uptree.pt\/index.php\/wp-json\/wp\/v2\/pages\/19"}],"collection":[{"href":"https:\/\/uptree.pt\/index.php\/wp-json\/wp\/v2\/pages"}],"about":[{"href":"https:\/\/uptree.pt\/index.php\/wp-json\/wp\/v2\/types\/page"}],"author":[{"embeddable":true,"href":"https:\/\/uptree.pt\/index.php\/wp-json\/wp\/v2\/users\/1"}],"replies":[{"embeddable":true,"href":"https:\/\/uptree.pt\/index.php\/wp-json\/wp\/v2\/comments?post=19"}],"version-history":[{"count":26,"href":"https:\/\/uptree.pt\/index.php\/wp-json\/wp\/v2\/pages\/19\/revisions"}],"predecessor-version":[{"id":63,"href":"https:\/\/uptree.pt\/index.php\/wp-json\/wp\/v2\/pages\/19\/revisions\/63"}],"wp:attachment":[{"href":"https:\/\/uptree.pt\/index.php\/wp-json\/wp\/v2\/media?parent=19"}],"curies":[{"name":"wp","href":"https:\/\/api.w.org\/{rel}","templated":true}]}}